{"id":597,"date":"2020-09-09T03:33:24","date_gmt":"2020-09-09T03:33:24","guid":{"rendered":"http:\/\/wpdemo.archiwp.com\/maxbizz\/?page_id=597"},"modified":"2021-02-12T14:43:05","modified_gmt":"2021-02-12T13:43:05","slug":"404-2","status":"publish","type":"page","link":"https:\/\/franchise.lavatrans.com\/index.php\/404-2\/","title":{"rendered":"404"},"content":{"rendered":"\t\t<div data-elementor-type=\"wp-page\" data-elementor-id=\"597\" class=\"elementor elementor-597\">\n\t\t\t\t\t\t<section class=\"elementor-section elementor-top-section elementor-element elementor-element-dc90a5e elementor-section-height-full elementor-section-content-middle error-404 elementor-section-boxed elementor-section-height-default elementor-section-items-middle wpr-particle-no wpr-jarallax-no wpr-parallax-no wpr-sticky-section-no\" data-id=\"dc90a5e\" data-element_type=\"section\" data-e-type=\"section\" data-settings=\"{&quot;background_background&quot;:&quot;classic&quot;}\">\n\t\t\t\t\t\t<div class=\"elementor-container elementor-column-gap-default\">\n\t\t\t\t\t<div class=\"elementor-column elementor-col-100 elementor-top-column elementor-element elementor-element-ab481db\" data-id=\"ab481db\" data-element_type=\"column\" data-e-type=\"column\">\n\t\t\t<div class=\"elementor-widget-wrap elementor-element-populated\">\n\t\t\t\t\t\t<div class=\"elementor-element elementor-element-ff9a571 elementor-fixed elementor-widget elementor-widget-ilogo\" data-id=\"ff9a571\" data-element_type=\"widget\" data-e-type=\"widget\" data-settings=\"{&quot;_position&quot;:&quot;fixed&quot;}\" data-widget_type=\"ilogo.default\">\n\t\t\t\t<div class=\"elementor-widget-container\">\n\t\t\t\t\t\t\t\t\r\n\t    \t<div class=\"the-logo\">\r\n\t\t\t\t<a href=\"https:\/\/franchise.lavatrans.com\/\">\r\n\t\t\t\t\t<img decoding=\"async\" src=\"https:\/\/franchise.lavatrans.com\/wp-content\/uploads\/2021\/02\/logo-lavatrans.png\" alt=\"FRANCHISE LAVATRANS\">\r\n\t\t\t\t<\/a>\t\t\t        \r\n\t\t    <\/div>\r\n\t\t    \r\n\t    \t\t\t\t<\/div>\n\t\t\t\t<\/div>\n\t\t\t\t<div class=\"elementor-element elementor-element-2a1d1ef elementor-widget elementor-widget-heading\" data-id=\"2a1d1ef\" data-element_type=\"widget\" data-e-type=\"widget\" data-widget_type=\"heading.default\">\n\t\t\t\t<div class=\"elementor-widget-container\">\n\t\t\t\t\t<h1 class=\"elementor-heading-title elementor-size-default\">404<\/h1>\t\t\t\t<\/div>\n\t\t\t\t<\/div>\n\t\t\t\t<div class=\"elementor-element elementor-element-6bd4e37 elementor-widget elementor-widget-heading\" data-id=\"6bd4e37\" data-element_type=\"widget\" data-e-type=\"widget\" data-widget_type=\"heading.default\">\n\t\t\t\t<div class=\"elementor-widget-container\">\n\t\t\t\t\t<h2 class=\"elementor-heading-title elementor-size-default\">D\u00e9sol\u00e9e! Page non trouv\u00e9e!<\/h2>\t\t\t\t<\/div>\n\t\t\t\t<\/div>\n\t\t\t\t<section class=\"elementor-section elementor-inner-section elementor-element elementor-element-02eb208 elementor-section-full_width elementor-section-height-default elementor-section-height-default wpr-particle-no wpr-jarallax-no wpr-parallax-no wpr-sticky-section-no\" data-id=\"02eb208\" data-element_type=\"section\" data-e-type=\"section\">\n\t\t\t\t\t\t<div class=\"elementor-container elementor-column-gap-no\">\n\t\t\t\t\t<div class=\"elementor-column elementor-col-33 elementor-inner-column elementor-element elementor-element-b70cb7b ot-flex-column-vertical\" data-id=\"b70cb7b\" data-element_type=\"column\" data-e-type=\"column\">\n\t\t\t<div class=\"elementor-widget-wrap\">\n\t\t\t\t\t\t\t<\/div>\n\t\t<\/div>\n\t\t\t\t<div class=\"elementor-column elementor-col-33 elementor-inner-column elementor-element elementor-element-2ca71f3 ot-flex-column-vertical\" data-id=\"2ca71f3\" data-element_type=\"column\" data-e-type=\"column\">\n\t\t\t<div class=\"elementor-widget-wrap elementor-element-populated\">\n\t\t\t\t\t\t<div class=\"elementor-element elementor-element-c0b5c0b elementor-widget elementor-widget-text-editor\" data-id=\"c0b5c0b\" data-element_type=\"widget\" data-e-type=\"widget\" data-widget_type=\"text-editor.default\">\n\t\t\t\t<div class=\"elementor-widget-container\">\n\t\t\t\t\t\t\t\t\t<p>Oops! La page demand\u00e9e n&#8217;existe plus. Merci de retourner sur la page d&#8217;accueil du site.<\/p>\t\t\t\t\t\t\t\t<\/div>\n\t\t\t\t<\/div>\n\t\t\t\t\t<\/div>\n\t\t<\/div>\n\t\t\t\t<div class=\"elementor-column elementor-col-33 elementor-inner-column elementor-element elementor-element-1958c9e ot-flex-column-vertical\" data-id=\"1958c9e\" data-element_type=\"column\" data-e-type=\"column\">\n\t\t\t<div class=\"elementor-widget-wrap\">\n\t\t\t\t\t\t\t<\/div>\n\t\t<\/div>\n\t\t\t\t\t<\/div>\n\t\t<\/section>\n\t\t\t\t<div class=\"elementor-element elementor-element-64444b7 elementor-align-center elementor-widget elementor-widget-ibutton\" data-id=\"64444b7\" data-element_type=\"widget\" data-e-type=\"widget\" data-widget_type=\"ibutton.default\">\n\t\t\t\t<div class=\"elementor-widget-container\">\n\t\t\t\t\t\t\t<div class=\"ot-button\">\r\n\t\t\t<a href=\"https:\/\/franchise.lavatrans.com\" class=\"octf-btn octf-btn-main\">PAGE D'ACCUEIL<\/a>\r\n\t    <\/div>\r\n\t    \t\t\t\t<\/div>\n\t\t\t\t<\/div>\n\t\t\t\t\t<\/div>\n\t\t<\/div>\n\t\t\t\t\t<\/div>\n\t\t<\/section>\n\t\t\t\t<\/div>\n\t\t","protected":false},"excerpt":{"rendered":"<p>404 D\u00e9sol\u00e9e! Page non trouv\u00e9e! Oops! La page demand\u00e9e n&#8217;existe plus. Merci de retourner sur la page d&#8217;accueil du site. PAGE D&#8217;ACCUEIL<\/p>\n","protected":false},"author":2,"featured_media":0,"parent":0,"menu_order":0,"comment_status":"closed","ping_status":"closed","template":"elementor_canvas","meta":{"content-type":"","footnotes":""},"class_list":["post-597","page","type-page","status-publish","hentry"],"yoast_head":"<!-- This site is optimized with the Yoast SEO plugin v27.2 - https:\/\/yoast.com\/product\/yoast-seo-wordpress\/ -->\n<title>404 - FRANCHISE LAVATRANS<\/title>\n<meta name=\"robots\" content=\"index, follow, max-snippet:-1, max-image-preview:large, max-video-preview:-1\" \/>\n<link rel=\"canonical\" href=\"https:\/\/franchise.lavatrans.com\/index.php\/404-2\/\" \/>\n<meta property=\"og:locale\" content=\"fr_FR\" \/>\n<meta property=\"og:type\" content=\"article\" \/>\n<meta property=\"og:title\" content=\"404 - FRANCHISE LAVATRANS\" \/>\n<meta property=\"og:description\" content=\"404 D\u00e9sol\u00e9e! Page non trouv\u00e9e! Oops! La page demand\u00e9e n&#8217;existe plus. Merci de retourner sur la page d&#8217;accueil du site. PAGE D&#8217;ACCUEIL\" \/>\n<meta property=\"og:url\" content=\"https:\/\/franchise.lavatrans.com\/index.php\/404-2\/\" \/>\n<meta property=\"og:site_name\" content=\"FRANCHISE LAVATRANS\" \/>\n<meta property=\"article:publisher\" content=\"https:\/\/www.facebook.com\/lavatrans.le.propre.du.transport\/\" \/>\n<meta property=\"article:modified_time\" content=\"2021-02-12T13:43:05+00:00\" \/>\n<meta property=\"og:image\" content=\"https:\/\/franchise.lavatrans.com\/wp-content\/uploads\/2021\/02\/logo-lavatrans.png\" \/>\n<meta name=\"twitter:card\" content=\"summary_large_image\" \/>\n<meta name=\"twitter:site\" content=\"@Lavatrans\" \/>\n<script type=\"application\/ld+json\" class=\"yoast-schema-graph\">{\"@context\":\"https:\/\/schema.org\",\"@graph\":[{\"@type\":\"WebPage\",\"@id\":\"https:\/\/franchise.lavatrans.com\/index.php\/404-2\/\",\"url\":\"https:\/\/franchise.lavatrans.com\/index.php\/404-2\/\",\"name\":\"404 - FRANCHISE LAVATRANS\",\"isPartOf\":{\"@id\":\"https:\/\/franchise.lavatrans.com\/#website\"},\"primaryImageOfPage\":{\"@id\":\"https:\/\/franchise.lavatrans.com\/index.php\/404-2\/#primaryimage\"},\"image\":{\"@id\":\"https:\/\/franchise.lavatrans.com\/index.php\/404-2\/#primaryimage\"},\"thumbnailUrl\":\"https:\/\/franchise.lavatrans.com\/wp-content\/uploads\/2021\/02\/logo-lavatrans.png\",\"datePublished\":\"2020-09-09T03:33:24+00:00\",\"dateModified\":\"2021-02-12T13:43:05+00:00\",\"breadcrumb\":{\"@id\":\"https:\/\/franchise.lavatrans.com\/index.php\/404-2\/#breadcrumb\"},\"inLanguage\":\"fr-FR\",\"potentialAction\":[{\"@type\":\"ReadAction\",\"target\":[\"https:\/\/franchise.lavatrans.com\/index.php\/404-2\/\"]}]},{\"@type\":\"ImageObject\",\"inLanguage\":\"fr-FR\",\"@id\":\"https:\/\/franchise.lavatrans.com\/index.php\/404-2\/#primaryimage\",\"url\":\"https:\/\/franchise.lavatrans.com\/wp-content\/uploads\/2021\/02\/logo-lavatrans.png\",\"contentUrl\":\"https:\/\/franchise.lavatrans.com\/wp-content\/uploads\/2021\/02\/logo-lavatrans.png\",\"width\":1417,\"height\":262},{\"@type\":\"BreadcrumbList\",\"@id\":\"https:\/\/franchise.lavatrans.com\/index.php\/404-2\/#breadcrumb\",\"itemListElement\":[{\"@type\":\"ListItem\",\"position\":1,\"name\":\"Accueil\",\"item\":\"https:\/\/franchise.lavatrans.com\/\"},{\"@type\":\"ListItem\",\"position\":2,\"name\":\"404\"}]},{\"@type\":\"WebSite\",\"@id\":\"https:\/\/franchise.lavatrans.com\/#website\",\"url\":\"https:\/\/franchise.lavatrans.com\/\",\"name\":\"FRANCHISE LAVATRANS\",\"description\":\"Le propre du transport\",\"publisher\":{\"@id\":\"https:\/\/franchise.lavatrans.com\/#organization\"},\"potentialAction\":[{\"@type\":\"SearchAction\",\"target\":{\"@type\":\"EntryPoint\",\"urlTemplate\":\"https:\/\/franchise.lavatrans.com\/?s={search_term_string}\"},\"query-input\":{\"@type\":\"PropertyValueSpecification\",\"valueRequired\":true,\"valueName\":\"search_term_string\"}}],\"inLanguage\":\"fr-FR\"},{\"@type\":\"Organization\",\"@id\":\"https:\/\/franchise.lavatrans.com\/#organization\",\"name\":\"FRANCHISE LAVATRANS\",\"url\":\"https:\/\/franchise.lavatrans.com\/\",\"logo\":{\"@type\":\"ImageObject\",\"inLanguage\":\"fr-FR\",\"@id\":\"https:\/\/franchise.lavatrans.com\/#\/schema\/logo\/image\/\",\"url\":\"https:\/\/franchise.lavatrans.com\/wp-content\/uploads\/2020\/07\/logo-lavatrans.jpg\",\"contentUrl\":\"https:\/\/franchise.lavatrans.com\/wp-content\/uploads\/2020\/07\/logo-lavatrans.jpg\",\"width\":1417,\"height\":262,\"caption\":\"FRANCHISE LAVATRANS\"},\"image\":{\"@id\":\"https:\/\/franchise.lavatrans.com\/#\/schema\/logo\/image\/\"},\"sameAs\":[\"https:\/\/www.facebook.com\/lavatrans.le.propre.du.transport\/\",\"https:\/\/x.com\/Lavatrans\"]}]}<\/script>\n<!-- \/ Yoast SEO plugin. -->","yoast_head_json":{"title":"404 - FRANCHISE LAVATRANS","robots":{"index":"index","follow":"follow","max-snippet":"max-snippet:-1","max-image-preview":"max-image-preview:large","max-video-preview":"max-video-preview:-1"},"canonical":"https:\/\/franchise.lavatrans.com\/index.php\/404-2\/","og_locale":"fr_FR","og_type":"article","og_title":"404 - FRANCHISE LAVATRANS","og_description":"404 D\u00e9sol\u00e9e! Page non trouv\u00e9e! Oops! La page demand\u00e9e n&#8217;existe plus. Merci de retourner sur la page d&#8217;accueil du site. PAGE D&#8217;ACCUEIL","og_url":"https:\/\/franchise.lavatrans.com\/index.php\/404-2\/","og_site_name":"FRANCHISE LAVATRANS","article_publisher":"https:\/\/www.facebook.com\/lavatrans.le.propre.du.transport\/","article_modified_time":"2021-02-12T13:43:05+00:00","og_image":[{"url":"https:\/\/franchise.lavatrans.com\/wp-content\/uploads\/2021\/02\/logo-lavatrans.png","type":"","width":"","height":""}],"twitter_card":"summary_large_image","twitter_site":"@Lavatrans","schema":{"@context":"https:\/\/schema.org","@graph":[{"@type":"WebPage","@id":"https:\/\/franchise.lavatrans.com\/index.php\/404-2\/","url":"https:\/\/franchise.lavatrans.com\/index.php\/404-2\/","name":"404 - FRANCHISE LAVATRANS","isPartOf":{"@id":"https:\/\/franchise.lavatrans.com\/#website"},"primaryImageOfPage":{"@id":"https:\/\/franchise.lavatrans.com\/index.php\/404-2\/#primaryimage"},"image":{"@id":"https:\/\/franchise.lavatrans.com\/index.php\/404-2\/#primaryimage"},"thumbnailUrl":"https:\/\/franchise.lavatrans.com\/wp-content\/uploads\/2021\/02\/logo-lavatrans.png","datePublished":"2020-09-09T03:33:24+00:00","dateModified":"2021-02-12T13:43:05+00:00","breadcrumb":{"@id":"https:\/\/franchise.lavatrans.com\/index.php\/404-2\/#breadcrumb"},"inLanguage":"fr-FR","potentialAction":[{"@type":"ReadAction","target":["https:\/\/franchise.lavatrans.com\/index.php\/404-2\/"]}]},{"@type":"ImageObject","inLanguage":"fr-FR","@id":"https:\/\/franchise.lavatrans.com\/index.php\/404-2\/#primaryimage","url":"https:\/\/franchise.lavatrans.com\/wp-content\/uploads\/2021\/02\/logo-lavatrans.png","contentUrl":"https:\/\/franchise.lavatrans.com\/wp-content\/uploads\/2021\/02\/logo-lavatrans.png","width":1417,"height":262},{"@type":"BreadcrumbList","@id":"https:\/\/franchise.lavatrans.com\/index.php\/404-2\/#breadcrumb","itemListElement":[{"@type":"ListItem","position":1,"name":"Accueil","item":"https:\/\/franchise.lavatrans.com\/"},{"@type":"ListItem","position":2,"name":"404"}]},{"@type":"WebSite","@id":"https:\/\/franchise.lavatrans.com\/#website","url":"https:\/\/franchise.lavatrans.com\/","name":"FRANCHISE LAVATRANS","description":"Le propre du transport","publisher":{"@id":"https:\/\/franchise.lavatrans.com\/#organization"},"potentialAction":[{"@type":"SearchAction","target":{"@type":"EntryPoint","urlTemplate":"https:\/\/franchise.lavatrans.com\/?s={search_term_string}"},"query-input":{"@type":"PropertyValueSpecification","valueRequired":true,"valueName":"search_term_string"}}],"inLanguage":"fr-FR"},{"@type":"Organization","@id":"https:\/\/franchise.lavatrans.com\/#organization","name":"FRANCHISE LAVATRANS","url":"https:\/\/franchise.lavatrans.com\/","logo":{"@type":"ImageObject","inLanguage":"fr-FR","@id":"https:\/\/franchise.lavatrans.com\/#\/schema\/logo\/image\/","url":"https:\/\/franchise.lavatrans.com\/wp-content\/uploads\/2020\/07\/logo-lavatrans.jpg","contentUrl":"https:\/\/franchise.lavatrans.com\/wp-content\/uploads\/2020\/07\/logo-lavatrans.jpg","width":1417,"height":262,"caption":"FRANCHISE LAVATRANS"},"image":{"@id":"https:\/\/franchise.lavatrans.com\/#\/schema\/logo\/image\/"},"sameAs":["https:\/\/www.facebook.com\/lavatrans.le.propre.du.transport\/","https:\/\/x.com\/Lavatrans"]}]}},"_links":{"self":[{"href":"https:\/\/franchise.lavatrans.com\/index.php\/wp-json\/wp\/v2\/pages\/597","targetHints":{"allow":["GET"]}}],"collection":[{"href":"https:\/\/franchise.lavatrans.com\/index.php\/wp-json\/wp\/v2\/pages"}],"about":[{"href":"https:\/\/franchise.lavatrans.com\/index.php\/wp-json\/wp\/v2\/types\/page"}],"author":[{"embeddable":true,"href":"https:\/\/franchise.lavatrans.com\/index.php\/wp-json\/wp\/v2\/users\/2"}],"replies":[{"embeddable":true,"href":"https:\/\/franchise.lavatrans.com\/index.php\/wp-json\/wp\/v2\/comments?post=597"}],"version-history":[{"count":7,"href":"https:\/\/franchise.lavatrans.com\/index.php\/wp-json\/wp\/v2\/pages\/597\/revisions"}],"predecessor-version":[{"id":3013,"href":"https:\/\/franchise.lavatrans.com\/index.php\/wp-json\/wp\/v2\/pages\/597\/revisions\/3013"}],"wp:attachment":[{"href":"https:\/\/franchise.lavatrans.com\/index.php\/wp-json\/wp\/v2\/media?parent=597"}],"curies":[{"name":"wp","href":"https:\/\/api.w.org\/{rel}","templated":true}]}}